- 8 = -2*v. Let s be 2090/20 + -5 - (-2)/v. What is the greatest common divisor of 250 and s?
50
Let p be (10 - 14) + 39/3. Suppose 26*c - 170 = p*c. Calculate the greatest common divisor of 45 and c.
5
Suppose 51*p = 53*p - 170. Let k be p/1020 - 1798/(-24). Calculate the highest common divisor of 25 and k.
25
Let s(f) = -13*f + 55. Let g be s(18). Let u = 249 + g. Let a be -21*(-7 - 2/(-1)). What is the greatest common factor of u and a?
35
Let q = 236 - 208. Let s be (720/42)/(((-2)/q)/(-1)). Calculate the highest common factor of 30 and s.
30
Suppose -5*u - 251 + 685 = -4*g, -3*g = 5*u - 462. Suppose 42*i + 47*i + 104*i - 9650 = 0. What is the highest common divisor of i and u?
10
Suppose -11*n + 15*n + 2*o = 24, n = 4*o - 12. Suppose 2*m - 124 = m + 4*t, 4*t - 500 = -5*m. What is the highest common divisor of m and n?
4
Let m(v) = 11*v. Let u be m(2). Suppose 2*k - 28 = -2*x, 9*k - 8*k + 5*x = u. Let z = 147 - 75. Calculate the highest common divisor of k and z.
12
Let l = -48 - -52. Let c be 3*(l - 8/12). Let q(j) = 24*j**2 + 2*j - 2. Let y be q(-2). What is the highest common factor of c and y?
10
Let b be 6/(-2) + 10 - (-8 + (-63)/(-9)). What is the highest common divisor of 9368 and b?
8
Suppose -15 = -3*m - t, 2*m = 4*m + 3*t - 17. Let c be ((-2)/(-4)*-9 + m)*-74. Suppose 0 = 8*v + c - 149. Calculate the greatest common factor of 49 and v.
7
Let m be 6/(0 + (2 - 4)) - -7. Suppose 0*v + v = -m*t + 35, -5*t + 40 = v. Let n be (-20)/v*(-2 - 10/4). What is the highest common divisor of 48 and n?
6
Let w(k) = -k**2 + 2*k. Let f be w(1). Suppose 4*a - 5*r - f = 29, 0 = -3*a + 3*r + 24. What is the highest common divisor of 970 and a?
10
Suppose 4*k = -7 - 1. Let q be ((-13)/(-26))/(k/(-416)). Suppose 0 = -2*a - m + 3 + 22, 4*m = a - 17. Calculate the greatest common divisor of q and a.
13
Let q(i) = -35*i**3 - 6*i - 3. Let z be q(-2). Calculate the greatest common factor of z and 493.
17
Suppose 0 = -102*u + 98*u + 16. Let l be (-79 - 8)*u/(-6). Calculate the greatest common divisor of 145 and l.
29
Let x(d) = 156*d + 328. Let y be x(-9). Let i be 6 + (y/(-4) - 0). What is the greatest common divisor of i and 165?
55
Let g be ((-24)/14)/(3/21). Let i be g*((-57)/4 + 5). What is the highest common divisor of 3 and i?
3
Let z(m) = m**2 + 20*m - 41. Let q be z(-22). Suppose 0 = 2*b + h - 7, 5*h - 9 = -0*b + q*b. Let n = b + 18. Calculate the highest common divisor of n and 60.
20
Let n be (-1 - -6)*8*18/48. Suppose -12*l + n = -9*l, 50 = 3*g + 4*l. Let q = -97 - -137. What is the greatest common divisor of q and g?
10
Let i be -3 - (146/6)/(23/(-69)). Let d be 9/12 - (-4885)/20. Calculate the highest common factor of d and i.
35
Let f be (-1*(0 - 1))/((-13 - 70)/(-332)). Let m be 2 + -1 + 2 + 2. Calculate the greatest common factor of m and f.
1
Let d = 1422 + -1394. Calculate the greatest common divisor of 343 and d.
7
Let u = -71 - -126. Suppose 0 = -3*z + 14 - 8. Suppose -4*d + 2*t + 16 = t, 0 = 4*d + z*t - 28. Calculate the highest common divisor of d and u.
5
Let b(n) = -48*n**2 + 5*n + 87. Let q be b(0). What is the highest common divisor of 57 and q?
3
Let i be (13/3 - -1)*21/4. Let x = -89 + 63. Let c = i + x. Calculate the highest common factor of c and 22.
2
Suppose -71 = -2*t + 91. Let m = 77 - t. Let s be m/(-4)*0 + 41. Calculate the highest common divisor of 369 and s.
41
Let y be (-9108)/(-483) - (-30)/(-35). Suppose 0 = 3*t - 0 - 6. Suppose t*g - 16 = 2. Calculate the highest common divisor of g and y.
9
Let l = 147 + -144. Suppose -10*o + 84 = -l*o. Calculate the highest common factor of o and 492.
12
Suppose 24*j - 216 = -3*j. Let i be 2 + -3 - ((-15 - j) + 6). What is the highest common divisor of i and 88?
8
Let w be (-4)/14 - 129*9/(-21). Suppose -5*a = 4*g - 68 - 352, 430 = 5*a + 2*g. What is the greatest common divisor of w and a?
11
Suppose 19*t + 357 = -460. Let m = 45 + t. What is the greatest common divisor of m and 16?
2
Suppose -2*r - 3*q = -0*r + 18, r + 4 = q. Let w = 7 + r. Let t be (3 - w) + 0 + 19. What is the greatest common divisor of 168 and t?
21
Let k = 465 + -372. Suppose 5*h - 5*p = 280, 27 = -h + 3*p + k. What is the greatest common factor of 289 and h?
17
Suppose -5*s + 28 = -12. Let p be (5/((-25)/(-35)))/1. Let m(v) = -3*v + 25. Let y be m(p). What is the greatest common factor of y and s?
4
Let m be 2/(-8)*-1 + 255/(-12). Let i(x) = 6*x + 12. Let r be i(-4). Let b = r - m. Calculate the greatest common divisor of 99 and b.
9
Let d be 4 + -7 - (-851)/1. Suppose l = -w + 16, l - 16 = 4*w - 7*w. What is the highest common factor of l and d?
16
Let a = 874859 - 874847. Suppose 0 = -4*i + 110 + 666. Let b be i - 4/2*1. Calculate the highest common divisor of b and a.
12
Let f be (-597412)/(-1282) - (-1 + 1 + 1). Let k be 98/6 + (-16)/12. What is the highest common factor of f and k?
15
Let q(y) = -9*y**3 - 8*y**2 - 15*y + 30. Let z be q(-4). Calculate the greatest common divisor of 6 and z.
2
Suppose 0 = a, -5*a = -3*o - a - 75. Let l = o + 47. Suppose -5*v + 46 = -0*x - 2*x, 0 = -2*v + 2*x + l. Calculate the highest common divisor of 20 and v.
4
Let d be (-270)/12*((-3)/(-9))/((-14)/84). Suppose 2*g - 1575 = -3*g. What is the highest common divisor of g and d?
45
Let h be (6 - -121) + 5 + 1. Suppose -41 = -u - 3*d, 0 = -3*u - 3*d - d + h. Calculate the greatest common divisor of u and 423.
47
Suppose 5*z = 4*t + 21 + 92, -2*z = -5*t - 52. Let g be (5 - 3)/(32/(-20) + 2). Let p be (-7*g)/5*-15. Calculate the greatest common divisor of z and p.
21
Suppose -35*l + 13*l + 154 = -15*l. Suppose -32 = -2*b - 2*r, 2*r - 3 - 13 = -b. Calculate the highest common factor of b and l.
2
Suppose -4 = 2*y - 14. Suppose 2*k = -3*i - 40, 3*k + 3*i + 53 = -7. Let s = y - k. Calculate the highest common factor of s and 200.
25
Let f = 11356 + 570. Calculate the highest common divisor of f and 89.
89
Let h be 211 + (-5)/1 - 1*-2. Let x(y) = -39*y - 115. Let v be x(-5). What is the greatest common divisor of v and h?
16
Let n(k) be the third derivative of k**5/60 - 17*k**4/24 - 65*k**3/6 - 5*k**2 + 5. Let o be n(22). What is the greatest common factor of o and 1035?
45
Let z(r) = r**3 + 21*r**2 + 38*r + 8. Let o be z(-8). Calculate the highest common factor of 335 and o.
67
Suppose -18*g = -10*g - 32. Let w be 239/g + 34/136. Calculate the highest common divisor of 24 and w.
12
Let n(w) = 6*w - 3. Let k be (-3*2)/(189/(-441)). Let s be n(k). What is the greatest common factor of s and 648?
81
Let c be (10 + 448/(-21))/((-8)/1260). Calculate the highest common factor of c and 70.
35
Suppose 193*k - 815557 = -62*k + 322253. What is the greatest common factor of k and 46?
46
Suppose -587 + 2710 = 6*s - 1237. What is the greatest common factor of s and 2128?
112
Let b = 552 - 483. Suppose -2 + 1 = c. Let i be (68 - c)*6/9. Calculate the greatest common divisor of i and b.
23
Let l = -2902 - -3851. What is the highest common divisor of 511 and l?
73
Let m = -159 + 139. Let v be -17*m/((-25)/(-5)). Calculate the highest common divisor of v and 204.
68
Let k = -90 - -72. Let q be 3/(-1) - 162/k. Suppose 6*a - 300 = -q*a. What is the highest common divisor of a and 5?
5
Let x = 1102 - 0. Let i = 11609 - 11590. What is the greatest common divisor of i and x?
19
Suppose -9 = -l + 2*u, -4*l + 0*l + 36 = -3*u. Calculate the greatest common factor of l and 1152.
9
Let k(u) = -u**3 + 446*u**2 - 1788*u + 8900. Let s be k(442). Let d be (1 - -1)/((-2)/31). Let j = d + 43. Calculate the highest common divisor of j and s.
12
Let m(s) be the third derivative of s**6/120 + 2*s**5/15 - 3*s**4/8 + 5*s**3/3 + 154*s**2. Let d be m(-9). What is the highest common divisor of 26 and d?
2
Let h be ((0/(-3))/(-2))/(0 - -2). Suppose 8*y + 15 - 1255 = h. What is the highest common factor of 5 and y?
5
Let u = -97 - -125. Suppose 0 = 9*m - u - 26. Suppose m = 5*c - 14, 3*l - 5*c = 103. What is the greatest common divisor of l and 328?
41
Suppose -5*f = 5, 0 = -2*j - 2*j - 3*f + 5. Suppose -4 = u, 0 = j*m - 8*u + 4*u - 1104. What is the highest common divisor of 34 and m?
34
Let m be (-2758)/35 - 1/5. Let h = 661 - m. What is the highest common factor of 20 and h?
20
Suppose 64 - 70 = 3*j, -a + 5*j + 210 = 0. Calculate the greatest common divisor of 